50940.
2, 5, 1102547
What are the prime factors of 609682340?
2, 5, 30484117
List the prime factors of 33694136.
2, 7, 17, 35393
What are the prime factors of 2695885092?
2, 3, 17, 489449
What are the prime factors of 54453969?
3, 6050441
List the prime factors of 1381548835.
5, 29, 653, 14591
What are the prime factors of 186785567?
47, 313, 12697
What are the prime factors of 13535889?
3, 83, 54361
What are the prime factors of 184289650?
2, 5, 101, 36493
What are the prime factors of 8464068?
2, 3, 109, 719
What are the prime factors of 3359484705?
3, 5, 223965647
What are the prime factors of 269876888?
2, 191, 239, 739
What are the prime factors of 76714791?
3, 283, 90359
List the prime factors of 97087472.
2, 887, 6841
List the prime factors of 33701064.
2, 3, 1404211
What are the prime factors of 1893429855?
3, 5, 5641, 7459
List the prime factors of 214605497.
214605497
What are the prime factors of 383364067?
37, 10361191
List the prime factors of 24467025.
3, 5, 11, 47, 631
What are the prime factors of 64242080?
2, 5, 7, 41, 1399
List the prime factors of 758817800.
2, 5, 13, 291853
What are the prime factors of 3660672429?
3, 2549, 159569
List the prime factors of 273394474.
2, 136697237
List the prime factors of 983523093.
3, 7, 389, 120397
List the prime factors of 164989983.
3, 887, 62003
What are the prime factors of 298113905?
5, 59622781
What are the prime factors of 485199394?
2, 67, 157, 23063
What are the prime factors of 50822146?
2, 17, 223, 6703
List the prime factors of 461895626.
2, 641, 360293
What are the prime factors of 233899783?
13, 283, 63577
What are the prime factors of 844887149?
61, 71, 373, 523
List the prime factors of 767267213.
619, 1039, 1193
List the prime factors of 317318506.
2, 19, 233, 35839
List the prime factors of 32121642.
2, 3, 7, 31, 24671
What are the prime factors of 813884351?
7, 733, 158621
List the prime factors of 596910082.
2, 298455041
List the prime factors of 566216520.
2, 3, 5, 47, 100393
What are the prime factors of 69891621?
3, 373, 62459
List the prime factors of 135020044.
2, 53, 109, 5843
What are the prime factors of 29419822?
2, 643, 22877
What are the prime factors of 185694407?
73, 1063, 2393
List the prime factors of 31650993.
3, 11, 3947
What are the prime factors of 257018146?
2, 7, 11, 23, 149, 487
What are the prime factors of 333526149?
3, 11, 3368951
What are the prime factors of 4288873713?
3, 17, 29, 2899847
What are the prime factors of 602815305?
3, 5, 31, 83, 15619
List the prime factors of 554930906.
2, 569, 487637
What are the prime factors of 500931224?
2, 62616403
What are the prime factors of 248468083?
4673, 53171
What are the prime factors of 76651234?
2, 11, 29, 317, 379
List the prime factors of 209474922.
2, 3, 233, 149839
What are the prime factors of 5404873?
19, 284467
List the prime factors of 112805834.
2, 227, 241, 1031
List the prime factors of 2595817990.
2, 5, 47, 117511
What are the prime factors of 169740688?
2, 13, 47, 97, 179
List the prime factors of 2245288663.
29, 487, 158981
What are the prime factors of 162288041?
79, 1301, 1579
What are the prime factors of 450350013?
3, 1493, 100547
What are the prime factors of 15207694?
2, 547, 13901
List the prime factors of 80138466.
2, 3, 19, 234323
What are the prime factors of 70263972?
2, 3, 67, 29131
What are the prime factors of 1300220808?
2, 3, 1187, 45641
What are the prime factors of 183330465?
3, 5, 17, 718943
List the prime factors of 2366525382.
2, 3, 13, 43, 83, 8501
List the prime factors of 36236129.
17, 2131537
What are the prime factors of 13895885?
5, 17, 163481
What are the prime factors of 1360377170?
2, 5, 136037717
What are the prime factors of 171977738?
2, 4451, 19319
List the prime factors of 133507499.
1229, 108631
What are the prime factors of 162927276?
2, 3, 41, 331153
What are the prime factors of 137153044?
2, 7, 4898323
List the prime factors of 4075967608.
2, 509495951
What are the prime factors of 307458010?
2, 5, 419, 73379
What are the prime factors of 329052295?
5, 11, 13, 35401
What are the prime factors of 82502890?
2, 5, 179, 46091
What are the prime factors of 2479981837?
47, 52765571
What are the prime factors of 5436645102?
2, 3, 7, 23, 109, 5737
What are the prime factors of 101558079?
3, 7, 1612033
What are the prime factors of 177975154?
2, 7, 31, 8369
List the prime factors of 6416997829.
11, 67, 173, 50329
What are the prime factors of 2438403957?
3, 11, 24630343
List the prime factors of 430534709.
11, 199, 196681
What are the prime factors of 1452962601?
3, 23, 829, 8467
What are the prime factors of 877341509?
11, 23, 31, 111863
What are the prime factors of 25739687?
25739687
List the prime factors of 276687971.
7, 17, 613, 3793
List the prime factors of 267242561.
73, 1103, 3319
What are the prime factors of 35982450?
2, 3, 5, 7, 11423
What are the prime factors of 7535744?
2, 113, 521
What are the prime factors of 87849822?
2, 3, 14641637
List the prime factors of 71669376.
2, 3, 62213
List the prime factors of 1504192.
2, 19, 1237
List the prime factors of 53248736.
2, 709, 2347
What are the prime factors of 555481714?
2, 409, 421, 1613
List the prime factors of 1600584634.
2, 11, 72753847
What are the prime factors of 200795482?
2, 53, 251, 7547
List the prime factors of 69891600.
2, 3, 5, 58243
List the prime factors of 5934223265.
5, 1186844653
List the prime factors of 10899274.
2, 19, 233, 1231
List the prime factors of 184389619.
199, 926581
What are the prime factors of 54529807?
271, 311, 647
What are the prime factors of 3147045905?
5, 19, 33126799
What are the prime factors of 1669352975?
5, 89, 401, 1871
List the prime factors of 4790682807.
3, 17, 3343, 28099
What are the prime factors of 20676806?
2, 139, 74377
What are the prime factors of 576277361?
11, 52388851
List the prime factors of 971197055.
5, 194239411
List the prime factors of 1082636125.
5, 8661089
What are the prime factors of 245100220?
2, 5, 17, 263, 2741
What are the prime factors of 261761568?
2, 3, 2726683
List the prime factors of 65772884.
2, 61, 269561
List the prime factors of 1896955905.
3, 5, 13, 59, 164881
What are the prime factors of 49200096?
2, 3, 11, 46591
What are the prime factors of 557988482?
2, 541, 515701
What are the prime factors of 34422017?
7, 4917431
What are the prime factors of 22474540?
2, 5, 11, 37, 251
List the prime factors of 3397192806.
2, 3, 7, 47, 71, 24239
What are the prime factors of 167343117?
3, 1549, 36011
What are the prime factors of 198396987?
3, 17, 127, 30631
What are the prime factors of 1558028334?
2, 3, 149, 353, 4937
List the prime factors of 1833464754.
2, 3, 11, 3086641
List the prime factors of 686134228.
2, 13, 13194889
List the prime factors of 12315968.
2, 7, 37, 743
What are the prime factors of 162630898?
2, 29, 31, 3119
What are the prime factors of 14623680?
2, 3, 5, 15233
List the prime factors of 786506087.
211, 313, 11909
List the prime factors of 189055499.
189055499
List the prime factors of 341103043.
113, 607, 4973
List the prime factors of 368886503.
47, 7848649
List the prime factors of 1458901790.
2, 5, 83, 283, 6211
What are the prime factors of 78168556?
2, 4007, 4877
What are the prime factors of 1005758493?
3, 149, 541, 4159
What are the prime factors of 115609273?
13, 8893021
List the prime factors of 278190356.
2, 69547589
List the prime factors of 32146603.
32146603
List the prime factors of 213750505.
5, 42750101
List the prime factors of 1278166659.
3, 7, 11, 5533189
What are the prime factors of 147410820?
2, 3, 5, 272983
What are the prime factors of 56056005?
3, 5, 1245689
What are the prime factors of 2901997750?
2, 5, 17, 239, 2857
List the prime factors of 2960431421.
3533, 837937
List the prime factors of 13073114.
2, 6536557
What are the prime factors of 5788226969?
7, 31, 122921
What are the prime factors of 143843881?
143843881
List the prime factors of 93374764.
2, 7, 53, 62921
List the prime factors of 743064480.
2, 3, 5, 516017
What are the prime factors of 455513803?
455513803
What are the prime factors of 791867213?
4373, 181081
List the prime factors of 5905985676.
2, 3, 53, 9286141
What are the prime factors of 2211424957?
7, 17, 29, 211, 3037
What are the pr